585 + -5?
580
In base 12, what is 1 - 538?
-537
In base 13, what is -1 + 36?
35
In base 15, what is -23 - 8?
-2b
In base 12, what is 0 - -3a1?
3a1
In base 6, what is -2 - 21?
-23
In base 8, what is -33 + 2?
-31
In base 16, what is 85 - -4?
89
In base 14, what is 5 - -4?
9
In base 15, what is -aad + 2?
-aab
In base 12, what is 16 + -50?
-36
In base 6, what is 13 + 5?
22
In base 3, what is 10 + -12000?
-11220
In base 10, what is -4 - 19?
-23
In base 9, what is 0 - -61?
61
In base 3, what is -1001101210 + -1?
-1001101211
In base 2, what is -1000 - 1001?
-10001
In base 4, what is -120010 + 2?
-120002
In base 14, what is -61 - -11?
-50
In base 14, what is 4 + 10?
14
In base 6, what is 34511 + 1?
34512
In base 10, what is -5 + -545?
-550
In base 6, what is -5155 - -1?
-5154
In base 9, what is -2 - 57?
-60
In base 8, what is -2 + 1132?
1130
In base 3, what is 102 - 112?
-10
In base 7, what is 244 + -4?
240
In base 4, what is 3 + -130?
-121
In base 14, what is 251 + 3?
254
In base 16, what is -36 + -7?
-3d
In base 9, what is -41 - -82?
41
In base 11, what is -19 - 1?
-1a
In base 14, what is 7 - 52?
-49
In base 12, what is 4 - -3494?
3498
In base 11, what is 0 - -20?
20
In base 6, what is 203 - -3?
210
In base 11, what is 5 + -928?
-923
In base 15, what is -2 - 1b55?
-1b57
In base 14, what is -12 - 4?
-16
In base 3, what is -20 + -101?
-121
In base 9, what is -2 - -21?
18
In base 7, what is 351 + -336?
12
In base 2, what is 1001010111 - -1100?
1001100011
In base 7, what is 1 + -6264?
-6263
In base 6, what is -4 - 210?
-214
In base 3, what is -11010 + -221?
-12001
In base 15, what is -2 + 242?
240
In base 4, what is 102 - 2?
100
In base 13, what is -6970 - 3?
-6973
In base 9, what is -1 + 3821?
3820
In base 12, what is -10 + -11?
-21
In base 8, what is 12 - 2573?
-2561
In base 9, what is 4464 + 1?
4465
In base 13, what is 1c - -2?
21
In base 11, what is 1 - 29?
-28
In base 6, what is 3 - -5352?
5355
In base 6, what is 3342 - 3?
3335
In base 15, what is aa + 18?
c3
In base 4, what is 203 - 2?
201
In base 6, what is -3 + -240?
-243
In base 10, what is -53 + -12?
-65
In base 12, what is -252b + 5?
-2526
In base 6, what is 0 + 41413?
41413
In base 4, what is 1130 - 233?
231
In base 12, what is 1 - -a?
b
In base 13, what is -ab1 - 7?
-ab8
In base 3, what is 2 - -10122?
10201
In base 3, what is 21 - 102111?
-102020
In base 16, what is 8 + -23?
-1b
In base 10, what is -66 + -5?
-71
In base 12, what is -5 - 48a?
-493
In base 16, what is -52 - -9?
-49
In base 3, what is 20101021 - -11?
20101102
In base 12, what is -1 - -6?
5
In base 11, what is 1 - 1994?
-1993
In base 3, what is 221 - -12021?
20012
In base 8, what is -51171 - -3?
-51166
In base 15, what is -8 + -1a4?
-1ac
In base 8, what is -3 - 34?
-37
In base 3, what is -11 - 220000?
-220011
In base 12, what is -5 - 73?
-78
In base 11, what is -1 + -51?
-52
In base 12, what is -35 + -11?
-46
In base 6, what is -4 + 2200?
2152
In base 13, what is 2 + 14?
16
In base 11, what is 78 + 13?
90
In base 7, what is -14 + -140?
-154
In base 9, what is -7535 - -1?
-7534
In base 13, what is -5 + 34?
2c
In base 6, what is 413150 - 2?
413144
In base 13, what is -9 + 245?
239
In base 15, what is ed1 - -5?
ed6
In base 5, what is 1313 - 0?
1313
In base 9, what is 37 - 0?
37
In base 4, what is -10 + 3132?
3122
In base 8, what is -650 - -15?
-633
In base 12, what is 1400 + 4?
1404
In base 16, what is 109 - -3?
10c
In base 3, what is 21010222 - -1?
21011000
In base 3, what is 121010 + -1012?
112221
In base 10, what is 3 + -149?
-146
In base 12, what is -18 - -a1?
85
In base 14, what is -2 + 1351?
134d
In base 15, what is -3d - -5?
-38
In base 16, what is 5 - 4e?
-49
In base 16, what is -3 + a1?
9e
In base 9, what is -11 - -51?
40
In base 6, what is 3 + -3222?
-3215
In base 10, what is 422 - -3?
425
In base 6, what is 4 + 2154?
2202
In base 13, what is -1 + 23?
22
In base 2, what is 11 + 110001010111?
110001011010
In base 4, what is -2103 + -301?
-3010
In base 9, what is -12 - -72?
60
In base 15, what is -4 - 9?
-d
In base 11, what is 5 - 3?
2
In base 5, what is -4 - -3114?
3110
In base 14, what is 11c - 1a?
102
In base 16, what is 5 - 1761?
-175c
In base 15, what is d + -4?
9
In base 15, what is 2125 - -3?
2128
In base 2, what is 10101110 + -10010?
10011100
In base 10, what is 79 - -1?
80
In base 10, what is 29 - 13?
16
In base 3, what is -10 - -2020?
2010
In base 2, what is 11010 + -10001001?
-1101111
In base 16, what is a + -1?
9
In base 5, what is 323 - -1?
324
In base 16, what is 5 - 3?
2
In base 14, what is 42 + 3d?
81
In base 5, what is -4 + 20?
11
In base 8, what is -3 + 5020?
5015
In base 13, what is -4 + -1?
-5
In base 13, what is -95a + -2?
-95c
In base 12, what is 1 + -1a?
-19
In base 15, what is 1db + 5?
1e1
In base 4, what is 201 - 0?
201
In base 12, what is -1a2 - -1b?
-183
In base 7, what is -1 - 1321?
-1322
In base 7, what is 15 + 2404?
2422
In base 9, what is 764 + -4?
760
In base 6, what is -14 + 1055?
1041
In base 13, what is -2025 - 5?
-202a
In base 14, what is -20 - -5?
-19
In base 9, what is 0 + -4?
-4
In base 9, what is 34 + 1?
35
In base 7, what is 105 - -5?
113
In base 6, what is 440 + -1?
435
In base 7, what is 1 - 150?
-146
In base 14, what is 3 - d?
-a
In base 2, what is 11110 - -101?
100011
In base 16, what is -165 + -f?
-174
In base 2, what is 101 - 1111?
-1010
In base 12, what is 34b - -3?
352
In base 5, what is -4 + 101?
42
In base 14, what is -9c9 - 8?
-9d3
In base 9, what is 3 - -3737?
3741
In base 12, what is -1 + 810?
80b
In base 2, what is -1 + -1001000?
-1001001
In base 11, what is -723 - -1?
-722
In base 2, what is -10110 + -111101010?
-1000000000
In base 15, what is 4 + 838?
83c
In base 2, what is -1001 + 1011?
10
In base 10, what is 107 + 3?
110
In base 11, what is 1 + 4970?
4971
In base 12, what is -3 + 3b?
38
In base 5, what is 1 + -12034?
-12033
In base 16, what is -12 + 2f4?
2e2
In base 8, what is 6206 - -5?
6213
In base 7, what is 11 + 601?
612
In base 3, what is 11 + 202200?
202211
In base 15, what is 24 - 32?
-d
In base 6, what is -15 + 240?
221
In base 9, what is -2 + 78?
76
In base 3, what is 20120 + 20?
20210
In base 10, what is 8 - 544?
-536
In base 14, what is 46 - -8?
50
In base 13, what is 1 - 137?
-136
In base 11, what is 0 + 1445?
1445
In base 14, what is 5 - 2c?
-27
In base 4, what is -13 - 31?
-110
In base 10, what is -9 + 42?
33
In base 2, what is -1110 - -1010?
-100
In base 15, what is -c + -66?
-73
In base 15, what is 0 - -300?
300
In base 2, what is 1110100 - 101111?
1000101
In base 12, what is 1 - 49?
-48
In base 3, what is -10 + 201110?
201100
In base 4, what is 10 - 10300?
-10230
In base 16, what is c35 - 1?
c34
In base 13, what is -6 + 29?
23
In base 7, what is -5 + -134?
-142
In base 11, what is -26 + a?
-17
In base 4, what is 302 - 11?
231
In base 12, what is -2 - 0?
-2
In base 16, what is -17c1 - 0?
-17c1
In base 9, what is 53 + -10?
43
In base 4, what is 3 - -221?
230
In base 10, what is -73 + -1?
-74
In base 3, what is -1 - 1002101?
-1002102
In base 16, what is 8 + -3f?
-37
In base 16, what is 3 - -36?
39
In base 2, what is -11010111001 + 10?
-11010110111
In base 15, what is -3 - -15?
12
In base 2, what is -1110100111010100 + -11?
-1110100111010111
In base 4, what is -2 - 122021?
-122023
In base 15, what is -4c + 8?
-44
In base 6, what is 1012 - -31?
1043
In base 14, what is -a - -54?
48
In base 15, what is 26 - b?
1a
In base 11, what is -1240 + 1?
-123a
In base 2, what is 1111 + -10011010?
-10001011
In base 7, what is 3624 - 1?
3623
In base 9, what is -486 - -38?
-447
In base 14, what is -18 + -23?
-3b
In base 10, what is 512 + 1?
513
In base 13, what is -2 - a99?
-a9b
In base 4, what is 100 + -11100?
-11000
In base 4, what is -320 + -31?
-1011
In base 15, what is 8d + 0?
8d
In base 3, what is 11 - -21?
102
In base 14, what is -ab + 2?
-a9
In base 3, what is 1011000 - -100?
1011100
In base 5, what is -124 + -4?
-133
In base 11, what is 1 - 3a7?
-3a6
In base 13, what is -68 + 6a?
2
In base 11, what is a - -a2a?
a39
In base 4, what is -201 + -2?
-203
In base 6, what is -2 - 135?
-141
In base 12, what is 251 + 6?
257
In base 14, what is 240 + -c?
232
In base 2, what is 1001111 + -110?
1001001
In base 12, what is -bb58 - 5?
-bb61
In base 11, what is 3 - -12